d r?
8
Let b = -14 - -18. Suppose b*h + 4 = -0, -2*r - 4*h = -116. Suppose -2*s + r = s. Calculate the greatest common divisor of s and 4.
4
Suppose 0*p = -5*p + 255. Let d = p + -3. Suppose -2*l = -18 - d. Calculate the greatest common divisor of l and 11.
11
Let n(t) = -15*t + 7 - 11 - 6. Let u be n(-4). Let y be ((-18)/(-10))/(5/u). Calculate the highest common divisor of 72 and y.
18
Let c(y) = 6*y - 8. Let s be c(4). Let r = 26 - s. Calculate the highest common divisor of r and 80.
10
Let p be 3/(-3) + (-2)/((-2)/11). Calculate the highest common divisor of 70 and p.
10
Let i(y) = -2*y - 5. Let r be i(-6). Let h = 11 - r. Let b be (-10)/(3*h/(-6)). Calculate the greatest common divisor of b and 5.
5
Suppose 0*r - 17*r = -493. What is the highest common divisor of r and 2?
1
Let n = -30 + 41. Suppose q + 4*y - n = 0, y = q - 1 - 0. What is the highest common factor of 6 and q?
3
Let c(h) be the first derivative of -15*h**2/2 - 18*h - 8. Let s be c(-6). Calculate the highest common factor of s and 36.
36
Let c be -1 + -2 + 1 + 6. Let o be (-2)/3*(2 + (-104)/c). Calculate the highest common divisor of o and 32.
16
Let y be (-3 - 13 - 0)*-58 - 5. What is the greatest common divisor of 13 and y?
13
Suppose 4*j - 127 = 3*j. Let i = 148 - j. Calculate the greatest common divisor of 21 and i.
21
Let q = 4 - -1. Let n = q - 4. Let o be (-132)/8*-2*n. What is the highest common factor of 3 and o?
3
Let w be 27/18 + 2/4. Let h(l) = 59*l**3 - 5 + 2*l - 7 + 7*l**w + l - 60*l**3. Let u be h(7). What is the highest common factor of 99 and u?
9
Let j(m) be the first derivative of -43*m**2/2 + 9*m - 15. Let o be j(-5). What is the greatest common factor of o and 32?
32
Suppose -3*u - 2*v + 1271 = -3*v, -3*u = 5*v - 1295. Calculate the highest common factor of u and 25.
25
Let v(b) = -2*b**2 - 2*b**2 - b**3 + 2*b + 0*b**2 + 0*b - 3. Let s be v(-6). Suppose m - 4*m + s = 0. What is the greatest common factor of m and 19?
19
Suppose 7*l = 5*q + 8*l - 34, -2*q + l + 8 = 0. Calculate the highest common factor of 144 and q.
6
Let i = -33 + 13. Let j = i + 28. Suppose -4*h - 3*a = -13, -4*h = -3*h + a - 3. Calculate the highest common factor of h and j.
4
Suppose 2*s - 3*s + 4*n + 763 = 0, -n = -5. What is the greatest common divisor of s and 29?
29
Let b = 199 + -173. What is the highest common factor of 247 and b?
13
Suppose 2*g + 3*c = 30, 18 = -3*g + c + 52. Suppose 0 = -6*l + 21 + 27. What is the highest common factor of l and g?
4
Suppose 0 = -28*j - 27*j + 50820. What is the greatest common divisor of j and 11?
11
Let a(s) = -s + 175. Let b be a(-10). Calculate the highest common factor of 37 and b.
37
Let r = 117 + -113. Suppose -5 - 27 = -r*h. Calculate the greatest common factor of 8 and h.
8
Let q(c) = 4 + c**2 + 0*c**2 - 7*c + 4. Let s be q(7). Suppose 0 = -15*g + 209 + 31. Calculate the greatest common divisor of s and g.
8
Let r(z) = -8 + 3 - 10 - 8*z. Let b = -31 - -16. Let w be r(b). What is the greatest common divisor of 15 and w?
15
Suppose 5*t = -3*l + 69 + 827, 3*t - l = 532. Let w = t - 114. Calculate the greatest common divisor of 8 and w.
8
Let n = 262 - 247. Calculate the greatest common divisor of n and 50.
5
Let m be (-3)/((-1 + -1)/(40 - 22)). What is the greatest common divisor of 15 and m?
3
Suppose -9*g = 2*g - 44. Let s(z) be the second derivative of -z**4/12 - 2*z**3 - 2*z**2 + 2*z. Let i be s(-10). What is the highest common factor of i and g?
4
Let g = 4 + 1. Let b = 36 + -36. Suppose b = 34*x - 38*x + 60. Calculate the greatest common divisor of x and g.
5
Suppose -4*k + 5*k = -4*x - 16, 3*x + 12 = k. Suppose -5*z = -2*z - 63. Suppose -4*b + z + 3 = k. What is the highest common factor of 24 and b?
6
Let k = 15 - 3. Suppose f - 33 = k. Suppose 9 = 2*c - 27. What is the highest common factor of c and f?
9
Let s = 649 + -648. Calculate the greatest common divisor of 23 and s.
1
Let p be (-162)/(-24) + (-50)/(-40). Calculate the highest common factor of p and 184.
8
Let j be -2 + 1 + 17 + (20 - 18). Suppose 867 = 3*v - 0*v. Let m = v + -145. What is the highest common divisor of j and m?
18
Let t(w) = 10*w - 38. Let j be t(4). What is the greatest common factor of 98 and j?
2
Suppose -5*m = -2*a + 12, -5*a - m = -3*a. Let f be (-644)/(-16) + a/(-4). What is the greatest common factor of 30 and f?
10
Suppose 0 = j + 3*j. Let z be (7/(-4) + j)*-4. Suppose 0 = 6*b + 50*n - 45*n - 180, 0 = -2*b - 3*n + 52. What is the greatest common factor of z and b?
7
Let w be (2/4)/((-1)/(-6)). Suppose 0 = w*f - 103 + 37. Suppose 0 = 64*h - 49*h - 2970. What is the greatest common divisor of h and f?
22
Suppose -c - 20*z = -16*z - 35, -c + 17 = -2*z. What is the greatest common factor of c and 391?
23
Suppose 4*q - 624 = -3*k, 3*k + q = 377 + 247. Suppose -21 - 9 = -d - h, -66 = -3*d + 3*h. What is the greatest common factor of d and k?
26
Suppose -3 = g - 16. Let s be g/(-4 - -2 - -3). Let j = 94 + -3. Calculate the highest common divisor of j and s.
13
Let w be 0 + 7/(56/1360). Calculate the highest common divisor of w and 68.
34
Suppose -5*k = -42*k + 925. Calculate the highest common divisor of 400 and k.
25
Let v = 19 - 17. Suppose v*b = 5*b - 4*h - 2, -5*b + 5*h + 5 = 0. Calculate the highest common factor of 14 and b.
2
Let t(u) = u. Let m(o) = -o - 1. Let y be m(-2). Let p be t(y). Let r = 5 + p. What is the greatest common divisor of r and 66?
6
Suppose -3*x = 3*y - 153, 2*x + y - 26 = 80. Let u be (0 - 2)*165/(-6). Suppose 8*g - u = 3*g. Calculate the highest common factor of g and x.
11
Let o be 5/((12/(-128)*-4)/6). What is the highest common factor of o and 60?
20
Let m(l) = l + 4. Let t be m(3). Suppose 0 = -5*f + 2*f + q - 2, -4*f - 2*q = -14. Let p be ((-980)/(-40))/(f/2). What is the highest common divisor of p and t?
7
Let b(j) be the first derivative of j**2/2 + 10*j + 8. Let u be b(10). Calculate the highest common divisor of u and 20.
20
Let r = 9 + 93. Let t(w) = 2*w**2 - 19*w - 163. Let y be t(-7). Calculate the highest common factor of r and y.
34
Suppose 40 = 4*x + 32, 5*h + 3*x - 106 = 0. Calculate the highest common factor of h and 110.
10
Suppose -5*b - 12 = -2*b, k + 3*b - 165 = 0. Calculate the greatest common divisor of 118 and k.
59
Suppose -880 = -19*g - 3*g. Calculate the highest common factor of 8 and g.
8
Let w = 2142 + -1400. Calculate the highest common factor of 14 and w.
14
Let c(p) = p**3 - 4*p**2 - 7. Let r be c(5). Suppose 10*b - 13*b - 18 = 0. Let g be (b/(-8))/((-2)/(-528)). Calculate the highest common divisor of r and g.
18
Suppose 9*z - 3925 - 71 = 0. What is the highest common divisor of 12 and z?
12
Suppose -3*i = -m + 359 - 11, 3*i - 1452 = -4*m. What is the greatest common factor of m and 495?
45
Let v = 59 - 62. Let f be (v/2)/((-42)/364). Calculate the highest common factor of 169 and f.
13
Let t(r) = -3*r - 3. Let u be t(-2). Let k be 19/1 + 448/56. What is the highest common factor of k and u?
3
Suppose -4*b + 496 = 4*j, -5*j = 2*b - 130 - 478. Calculate the greatest common divisor of 160 and j.
40
Suppose -989 = -3*q + n, 6*q = q - n + 1651. Suppose w - 50 = -20. What is the greatest common divisor of q and w?
30
Let l = 110 + -104. Suppose 0 = 5*n - s - 31, 0*n - 29 = -5*n - s. Calculate the highest common divisor of l and n.
6
Let f = -1875 + 1881. Calculate the highest common divisor of 630 and f.
6
Let h = 9 + -4. Suppose 0 = h*s - 80 - 60. Calculate the greatest common divisor of s and 140.
28
Let g(f) = 2*f**3 - 3*f**2 - 5*f + 3. Let a be g(3). Suppose 0 = 3*c - 18 - a. Let b be 6*((-14)/(-4) + 2). What is the highest common factor of b and c?
11
Suppose -5*j = 3*o - 72, j - 3*o - 48 = -2*j. Suppose -19*p + 264 = -j*p. Let a be (p/(-9))/(4/(-18)). What is the highest common factor of 3 and a?
3
Let f be 0/(-3) + (-6 - -20)/2. Let s(u) = 103*u**3 + u**2 + u - 1. Let x be s(1). Let o = -48 + x. Calculate the highest common factor of o and f.
7
Suppose 2*g = -8, 4*g - 35 - 12 = -3*q. Calculate the highest common divisor of q and 336.
21
Let b(o) = -5*o - 1. Let g be b(-1). Suppose 1 + g = y. Suppose 3*c = c + 4*l + 110, -5*l - 250 = -y*c. What is the highest common divisor of 9 and c?
9
Suppose 50 = 3*k + 308. Let j = -62 - k. What is the greatest common factor of j and 12?
12
Let l(